{"id":465,"date":"2016-05-11T09:24:46","date_gmt":"2016-05-11T07:24:46","guid":{"rendered":"http:\/\/www.franck-reboul.com\/blog\/?page_id=465"},"modified":"2020-07-08T15:10:12","modified_gmt":"2020-07-08T13:10:12","slug":"les-nouveautes-pres-de-chez-vous","status":"publish","type":"page","link":"https:\/\/www.franck-reboul.com\/blog\/les-nouveautes-pres-de-chez-vous\/","title":{"rendered":"Les nouveaut\u00e9s"},"content":{"rendered":"\n<h4 class=\"wp-block-heading\">Permettez moi de vous pr\u00e9senter quelques nouveaut\u00e9s Varoises que j&rsquo;ai trouv\u00e9 tr\u00e8s sympa.<\/h4>\n\n\n\n<ul class=\"wp-block-list\"><li>Le nouveau site du moulin d&rsquo;antan par exemple:<\/li><\/ul>\n\n\n\n<p><em><strong><a href=\"http:\/\/www.aumoulindantan.fr\/\" target=\"_blank\" rel=\"noopener noreferrer\">HTTP:\/\/WWW.AUMOULINDANTAN.FR\/<\/a><\/strong><\/em><\/p>\n\n\n\n<p>tout en gardant son style il a \u00e9t\u00e9 relook\u00e9 et dispose d&rsquo;une&nbsp;nouvelle \u00e9quipe efficace et dynamique,un parking est a votre disposition.<\/p>\n\n\n\n<p><a href=\"http:\/\/aumoulindantan.fr\/\">le moulin d&rsquo;antan est ouvert le DIMANCHE<\/a><\/p>\n\n\n\n<p>vous y trouverez<\/p>\n\n\n\n<p>de l&rsquo;<a href=\"http:\/\/aumoulindantan.fr\/ameublement\/\">ameublement<\/a><\/p>\n\n\n\n<p>de la&nbsp;<a href=\"http:\/\/aumoulindantan.fr\/decoration\/\">deco<\/a><\/p>\n\n\n\n<p>des <a href=\"http:\/\/aumoulindantan.fr\/luminaires\/\">luminaires<\/a><\/p>\n\n\n\n<p>de l&rsquo;<a href=\"http:\/\/aumoulindantan.fr\/art-de-la-table\/\">art de la table<\/a><\/p>\n\n\n\n<p>du&nbsp;<a href=\"http:\/\/aumoulindantan.fr\/linge-de-maison\/\">linge de maison<\/a><\/p>\n\n\n\n<p><a href=\"http:\/\/aumoulindantan.fr\/boutis\/\">une grande quantit\u00e9 de boutis<\/a><\/p>\n\n\n\n<p><a href=\"http:\/\/aumoulindantan.fr\/bien-etre\/\">un coin bien \u00eatre<\/a><\/p>\n\n\n\n<p><a href=\"http:\/\/aumoulindantan.fr\/senteur\/\">des produits senteur<\/a><\/p>\n\n\n\n<p><a href=\"http:\/\/aumoulindantan.fr\/epicerie-fine\/\">de l\u2019\u00e9picerie fine<\/a><\/p>\n\n\n\n<p>alors la nouvelle \u00e9quipe <a href=\"http:\/\/aumoulindantan.fr\/\">du moulin<\/a> vous attends<\/p>\n\n\n\n<ul class=\"wp-block-list\"><li>Une <a href=\"http:\/\/boutiquejujube.fr\/fr\/\">boutique de bijoux naturels<\/a> \u00e0 Cotignac avec un choix d&rsquo;articles important <a href=\"http:\/\/boutiquejujube.fr\/fr\/\">la boutique jujube<\/a>\u00a0propose deux grandes\u00a0collections de bijoux <a href=\"http:\/\/boutiquejujube.fr\/fr\/28-bijoux-nature\">oritao nature<\/a> des \u00e9toles avec la collection <a href=\"http:\/\/boutiquejujube.fr\/fr\/122-etoles-milkoo-\">Milkoo<\/a>\u00a0et <a href=\"http:\/\/boutiquejujube.fr\/fr\/121-etoles-chapeaux-michel-le-brun\">Michel le brun<\/a> et bien sur sans oublier <a href=\"http:\/\/boutiquejujube.fr\/fr\/12-collection-antipode\">la collection Antipode<\/a> qui est la r\u00e9f\u00e9rence en sac fait main <a href=\"http:\/\/boutiquejujube.fr\/fr\/\">la boutique jujube<\/a> gr\u00e2ce a son site internet vous livre GRATUITEMENT partout en France<\/li><li><a href=\"http:\/\/www.ferronnerie-riquier.com\/\">La Ferronnerie Riquier<\/a> \u00e0 Carc\u00e9s est maintenant bien connue<br><a href=\"http:\/\/www.ferronnerie-riquier.com\/\">La Ferronnerie RIQUIER<\/a> \u00e0 Carc\u00e9s est une V\u00e9ritable ferronnerie artisanale mais aussi \u00a0\u00e9quip\u00e9e de mat\u00e9riel moderne comme la Soudure argon, MIG, TIG, autog\u00e8ne, h\u00e9t\u00e9rog\u00e8ne.Toutes les fabrications sont sur mesure.<br>cela va de<a href=\"http:\/\/www.ferronnerie-riquier.com\/agencement-exterieur\/\"> l&rsquo;agencement ext\u00e9rieur \u00a0<\/a>aux <a href=\"http:\/\/www.ferronnerie-riquier.com\/ferronnerie-batiment\/\">rampes d\u00e9billard\u00e9es\u00a0<\/a>en passant par <a href=\"http:\/\/www.ferronnerie-riquier.com\/ameublement\/\">l&rsquo;ameublement<\/a>\u00a0ou encore<a href=\"http:\/\/www.ferronnerie-riquier.com\/ferronnerie-dart\/\"> la ferronnerie d&rsquo;art\u00a0<\/a><\/li><\/ul>\n\n\n\n<p><a href=\"http:\/\/www.ferronnerie-riquier.com\/contactez-nous\/\">Denis et son \u00e9quipe sont \u00e0 votre \u00e9coute contactez les<\/a>.<\/p>\n\n\n\n<ul class=\"wp-block-list\"><li>\u00e0 Cotignac <a href=\"http:\/\/www.pra-de-pe.com\/\">une bonne adresse<\/a> pour quelques nuits \u00e0&nbsp;des tarifs tr\u00e8s raisonnables, ce qui pour Cotignac est rare!<br><a href=\"http:\/\/www.pra-de-pe.com\/\">Le pra de p\u00e9<\/a> rue pra de p\u00e9, avec ses chambres :<a href=\"http:\/\/www.pra-de-pe.com\/chambre-retro\/\">Grand mere<\/a><br><a href=\"http:\/\/www.pra-de-pe.com\/chambre-grand-mere\/\">r\u00e9tro<\/a>vous accueille toute l&rsquo;ann\u00e9e avec le sourire, la bonne humeur, et plein de conseils sur tout ce qui faut faire et ne pas faire dans le coin.<br>Dany est de bon conseil.<\/li><li><a href=\"http:\/\/www.restaurant-pilepoele.com\/\">Le pile po\u00eale&nbsp;<\/a>un restau qui vaut le d\u00e9tour:<br>en plus de sa cuisine prim\u00e9 par VOUS car reconnue par les internautes de TripAdvisor (donc VOUS) vous serez re\u00e7u par des patrons agr\u00e9ables, souriants, ce qui ne g\u00e2che rien!<br>Le restaurant Pile po\u00eale organise des soir\u00e9es tout au long de l&rsquo;ann\u00e9e<br><a href=\"http:\/\/www.restaurant-pilepoele.com\/formule-du-midi\/\">&nbsp;Sa formule midi \u00e0 un tr\u00e8s bon rapport qualit\u00e9 prix<\/a>&nbsp;avec des portions pour les bon mangeurs!<br><a href=\"http:\/\/www.restaurant-pilepoele.com\/page-des-menus\/\">Sa carte<\/a> bien \u00e9quilibr\u00e9e vous fera saliver de plaisir.<\/li><\/ul>\n\n\n\n<p>les&nbsp;horaires d\u2019ouverture :<\/p>\n\n\n\n<p>Hiver :<\/p>\n\n\n\n<p>tous les jours midi et soir sauf le mercredi<\/p>\n\n\n\n<p>Juillet Aout :<\/p>\n\n\n\n<p>tous les jours midi et soir<\/p>\n\n\n\n<p><a href=\"http:\/\/www.restaurant-pilepoele.com\/contactez-nous\/\">Pensez \u00e0 r\u00e9server<\/a><\/p>\n\n\n\n<ul class=\"wp-block-list\"><li>Alain \u00a0<a href=\"http:\/\/www.orcreation.fr\/\">bijoutier <\/a>\u00e0 Carc\u00e8s\u00a0avec ses 25 d\u2019exp\u00e9rience vous transmettra sa passion <a href=\"http:\/\/www.orcreation.fr\/montres\/\">des montres<\/a> et des<a href=\"http:\/\/www.orcreation.fr\/bijoux-argent\/\"> bijoux argent<\/a>\u00a0des<a href=\"http:\/\/www.orcreation.fr\/bijoux-or-7501000\/\"> bijoux or <\/a><br><a href=\"http:\/\/www.orcreation.fr\/bijoux-or-3751000\/\">il cr\u00e9e aussi ses propres bijoux\u00a0<\/a><br>passionn\u00e9 il est intarissable sur les domaines suivants :<a href=\"http:\/\/www.orcreation.fr\/largent\/\">l&rsquo;argent<br><\/a><a href=\"http:\/\/www.orcreation.fr\/les-perles\/\">les perles<br><\/a><a href=\"http:\/\/www.orcreation.fr\/lor\/\">l&rsquo;or et les pierres pr\u00e9cieuses<br><\/a><a href=\"http:\/\/www.orcreation.fr\/les-diamants\/\">les diamants\u00a0<\/a><br>et surtout sa passion<a href=\"http:\/\/www.orcreation.fr\/les-montres\/\"> les montres<br><\/a>vous trouverez bien d&rsquo;autres renseignement sur <a href=\"http:\/\/www.orcreation.fr\/\">son site internet<\/a>  <\/li><li>La soci\u00e9t\u00e9 <a href=\"http:\/\/www.beaba-informatique.com\/\">b\u00e9aba Informatique<\/a> \u00e0 Montfort sur Argens vous <a href=\"http:\/\/www.beaba-informatique.com\/nos-initiations\/installez-votre-materiel\/\">accompagne dans l&rsquo;achat de votre mat\u00e9riel, vous conseille, l&rsquo;installe<\/a> et vous<a href=\"http:\/\/www.beaba-informatique.com\/nos-initiations\/initiation-internet\/\"> forme a son utilisation.<\/a><br>son \u00e9quipe <a href=\"http:\/\/www.beaba-informatique.com\/creation-site-internet\/\">r\u00e9alise \u00e9galement vos sites internet<\/a><br>Formateurs de <a href=\"http:\/\/www.beaba-informatique.com\/nos-initiations\/initiation-windows\/\">formation sp\u00e9cialis\u00e9s dans les seniors<\/a>, mais aussi en p\u00e9ri-scolaire de la maternelle au cm\u00b2 vous y trouverez forc\u00e9ment votre place !<\/li><li>\u00a0<\/li><\/ul>\n","protected":false},"excerpt":{"rendered":"<p>Permettez moi de vous pr\u00e9senter quelques nouveaut\u00e9s Varoises que j&rsquo;ai trouv\u00e9 tr\u00e8s sympa. Le nouveau site du moulin d&rsquo;antan par exemple: HTTP:\/\/WWW.AUMOULINDANTAN.FR\/ tout en gardant son style il a \u00e9t\u00e9 relook\u00e9 et dispose d&rsquo;une&nbsp;nouvelle \u00e9quipe efficace et dynamique,un parking est a votre disposition. le moulin d&rsquo;antan est ouvert le DIMANCHE vous y trouverez de l&rsquo;ameublement&hellip; <a class=\"more-link\" href=\"https:\/\/www.franck-reboul.com\/blog\/les-nouveautes-pres-de-chez-vous\/\">Poursuivre la lecture <span class=\"screen-reader-text\">Les nouveaut\u00e9s<\/span><\/a><\/p>\n","protected":false},"author":1,"featured_media":0,"parent":0,"menu_order":0,"comment_status":"closed","ping_status":"closed","template":"","meta":{"footnotes":""},"class_list":["post-465","page","type-page","status-publish","hentry","entry"],"_links":{"self":[{"href":"https:\/\/www.franck-reboul.com\/blog\/wp-json\/wp\/v2\/pages\/465","targetHints":{"allow":["GET"]}}],"collection":[{"href":"https:\/\/www.franck-reboul.com\/blog\/wp-json\/wp\/v2\/pages"}],"about":[{"href":"https:\/\/www.franck-reboul.com\/blog\/wp-json\/wp\/v2\/types\/page"}],"author":[{"embeddable":true,"href":"https:\/\/www.franck-reboul.com\/blog\/wp-json\/wp\/v2\/users\/1"}],"replies":[{"embeddable":true,"href":"https:\/\/www.franck-reboul.com\/blog\/wp-json\/wp\/v2\/comments?post=465"}],"version-history":[{"count":0,"href":"https:\/\/www.franck-reboul.com\/blog\/wp-json\/wp\/v2\/pages\/465\/revisions"}],"wp:attachment":[{"href":"https:\/\/www.franck-reboul.com\/blog\/wp-json\/wp\/v2\/media?parent=465"}],"curies":[{"name":"wp","href":"https:\/\/api.w.org\/{rel}","templated":true}]}}